{"id":1498,"date":"2014-12-18T16:37:39","date_gmt":"2014-12-18T14:37:39","guid":{"rendered":"http:\/\/www.elks2015.eu\/press-2\/"},"modified":"2018-04-04T14:39:34","modified_gmt":"2018-04-04T12:39:34","slug":"press","status":"publish","type":"page","link":"https:\/\/www.elks2015.eu\/nl\/press\/","title":{"rendered":"Press"},"content":{"rendered":"<h2>Acreditation<\/h2>\n<p>Press representatives are kindly requested to contact:<\/p>\n<ul>\n<li>Aldis Austers, ELKS Director,\u00a0<a href=\"mailto:aldis.austers@gmail.com\" target=\"_blank\">aldis.austers@gmail.com<\/a>\u00a0(Latvia)<\/li>\n<li>Katleen Vandriessche, Communication Officer,\u00a0<a href=\"mailto:katleenvd@gmail.com\" target=\"_blank\">katleenvd@gmail.com<\/a>\u00a0(Belgium)<\/li>\n<\/ul>\n<p>The accreditation will start on 15 May.<\/p>\n<h2>Published materials<\/h2>\n<p><strong>Interview of ELKS team on Latvian Radion <\/strong>(in Latvian)<\/p>\n<audio class=\"wp-audio-shortcode\" id=\"audio-1498-1\" preload=\"none\" style=\"width: 100%;\" controls=\"controls\"><source type=\"audio\/mpeg\" src=\"https:\/\/www.elks2015.eu\/wp-content\/uploads\/59721.mp3?_=1\" \/><a href=\"https:\/\/www.elks2015.eu\/wp-content\/uploads\/59721.mp3\">https:\/\/www.elks2015.eu\/wp-content\/uploads\/59721.mp3<\/a><\/audio>\n<p><strong>Interview of ELKS director in newspaper &#8220;Br\u012bv\u0101 Latvija&#8221; 30.12.2014<\/strong>. (in Latvian)<\/p>\n<p><a href=\"http:\/\/www.brivalatvija.lv\/sakumlapa\/aldis-austers-latviesiem-dziesmusvetku-aicinajums-ir-asinis\">&#8220;Latvie\u0161iem Dziesmusv\u0113tku aicin\u0101jums ir asin\u012bs!&#8221;<\/a><\/p>\n<p><strong>Publication\u00a0in the newsletter of the Belgian Wallonian choral federation <\/strong>(in French)<\/p>\n<p><a href=\"http:\/\/www.acj.be\/2015\/05\/12\/festival-chants-et-danses-de-lettonie\/\" target=\"_blank\">&#8220;Festival chants et danses de Lettonie&#8221;<\/a><\/p>\n<h2>ELKS logos and banners<\/h2>\n<p><a href=\"https:\/\/www.elks2015.eu\/wp-content\/uploads\/Logo_FIN.zip\">ELKS logos<\/a>\u00a0<a href=\"https:\/\/www.elks2015.eu\/wp-content\/uploads\/Baneri.rar\">ELKS banners<\/a><\/p>\n","protected":false},"excerpt":{"rendered":"<p>Acreditation Press representatives are kindly requested to contact: Aldis Austers, ELKS Director,\u00a0aldis.austers@gmail.com\u00a0(Latvia) Katleen Vandriessche, Communication Officer,\u00a0katleenvd@gmail.com\u00a0(Belgium) The accreditation will start on 15 May. Published materials Interview of ELKS team on Latvian Radion (in Latvian) Interview of ELKS director in newspaper &#8220;Br\u012bv\u0101 Latvija&#8221; 30.12.2014. (in Latvian) &#8220;Latvie\u0161iem Dziesmusv\u0113tku aicin\u0101jums ir asin\u012bs!&#8221; Publication\u00a0in the newsletter of the [&hellip;]<\/p>\n","protected":false},"author":6,"featured_media":0,"parent":0,"menu_order":0,"comment_status":"closed","ping_status":"closed","template":"","meta":{"_acf_changed":false,"footnotes":""},"class_list":["post-1498","page","type-page","status-publish","hentry"],"acf":[],"yoast_head":"<!-- This site is optimized with the Yoast SEO plugin v27.5 - https:\/\/yoast.com\/product\/yoast-seo-wordpress\/ -->\n<title>Press - ELKS - Eiropas Latvie\u0161u kult\u016bras sv\u0113tki<\/title>\n<meta name=\"robots\" content=\"index, follow, max-snippet:-1, max-image-preview:large, max-video-preview:-1\" \/>\n<link rel=\"canonical\" href=\"https:\/\/www.elks2015.eu\/nl\/press\/\" \/>\n<meta property=\"og:locale\" content=\"nl_NL\" \/>\n<meta property=\"og:type\" content=\"article\" \/>\n<meta property=\"og:title\" content=\"Press - ELKS - Eiropas Latvie\u0161u kult\u016bras sv\u0113tki\" \/>\n<meta property=\"og:description\" content=\"Acreditation Press representatives are kindly requested to contact: Aldis Austers, ELKS Director,\u00a0aldis.austers@gmail.com\u00a0(Latvia) Katleen Vandriessche, Communication Officer,\u00a0katleenvd@gmail.com\u00a0(Belgium) The accreditation will start on 15 May. Published materials Interview of ELKS team on Latvian Radion (in Latvian) Interview of ELKS director in newspaper &#8220;Br\u012bv\u0101 Latvija&#8221; 30.12.2014. (in Latvian) &#8220;Latvie\u0161iem Dziesmusv\u0113tku aicin\u0101jums ir asin\u012bs!&#8221; Publication\u00a0in the newsletter of the [&hellip;]\" \/>\n<meta property=\"og:url\" content=\"https:\/\/www.elks2015.eu\/nl\/press\/\" \/>\n<meta property=\"og:site_name\" content=\"ELKS - Eiropas Latvie\u0161u kult\u016bras sv\u0113tki\" \/>\n<meta property=\"article:modified_time\" content=\"2018-04-04T12:39:34+00:00\" \/>\n<script type=\"application\/ld+json\" class=\"yoast-schema-graph\">{\"@context\":\"https:\\\/\\\/schema.org\",\"@graph\":[{\"@type\":\"WebPage\",\"@id\":\"https:\\\/\\\/www.elks2015.eu\\\/nl\\\/press\\\/\",\"url\":\"https:\\\/\\\/www.elks2015.eu\\\/nl\\\/press\\\/\",\"name\":\"Press - ELKS - Eiropas Latvie\u0161u kult\u016bras sv\u0113tki\",\"isPartOf\":{\"@id\":\"https:\\\/\\\/www.elks2015.eu\\\/#website\"},\"datePublished\":\"2014-12-18T14:37:39+00:00\",\"dateModified\":\"2018-04-04T12:39:34+00:00\",\"breadcrumb\":{\"@id\":\"https:\\\/\\\/www.elks2015.eu\\\/nl\\\/press\\\/#breadcrumb\"},\"inLanguage\":\"nl-NL\",\"potentialAction\":[{\"@type\":\"ReadAction\",\"target\":[\"https:\\\/\\\/www.elks2015.eu\\\/nl\\\/press\\\/\"]}]},{\"@type\":\"BreadcrumbList\",\"@id\":\"https:\\\/\\\/www.elks2015.eu\\\/nl\\\/press\\\/#breadcrumb\",\"itemListElement\":[{\"@type\":\"ListItem\",\"position\":1,\"name\":\"Home\",\"item\":\"https:\\\/\\\/www.elks2015.eu\\\/\"},{\"@type\":\"ListItem\",\"position\":2,\"name\":\"Press\"}]},{\"@type\":\"WebSite\",\"@id\":\"https:\\\/\\\/www.elks2015.eu\\\/#website\",\"url\":\"https:\\\/\\\/www.elks2015.eu\\\/\",\"name\":\"ELKS - Eiropas Latvie\u0161u kult\u016bras sv\u0113tki\",\"description\":\"18.-21.j\u016bnijs 2015, Brisele\",\"potentialAction\":[{\"@type\":\"SearchAction\",\"target\":{\"@type\":\"EntryPoint\",\"urlTemplate\":\"https:\\\/\\\/www.elks2015.eu\\\/?s={search_term_string}\"},\"query-input\":{\"@type\":\"PropertyValueSpecification\",\"valueRequired\":true,\"valueName\":\"search_term_string\"}}],\"inLanguage\":\"nl-NL\"}]}<\/script>\n<!-- \/ Yoast SEO plugin. -->","yoast_head_json":{"title":"Press - ELKS - Eiropas Latvie\u0161u kult\u016bras sv\u0113tki","robots":{"index":"index","follow":"follow","max-snippet":"max-snippet:-1","max-image-preview":"max-image-preview:large","max-video-preview":"max-video-preview:-1"},"canonical":"https:\/\/www.elks2015.eu\/nl\/press\/","og_locale":"nl_NL","og_type":"article","og_title":"Press - ELKS - Eiropas Latvie\u0161u kult\u016bras sv\u0113tki","og_description":"Acreditation Press representatives are kindly requested to contact: Aldis Austers, ELKS Director,\u00a0aldis.austers@gmail.com\u00a0(Latvia) Katleen Vandriessche, Communication Officer,\u00a0katleenvd@gmail.com\u00a0(Belgium) The accreditation will start on 15 May. Published materials Interview of ELKS team on Latvian Radion (in Latvian) Interview of ELKS director in newspaper &#8220;Br\u012bv\u0101 Latvija&#8221; 30.12.2014. (in Latvian) &#8220;Latvie\u0161iem Dziesmusv\u0113tku aicin\u0101jums ir asin\u012bs!&#8221; Publication\u00a0in the newsletter of the [&hellip;]","og_url":"https:\/\/www.elks2015.eu\/nl\/press\/","og_site_name":"ELKS - Eiropas Latvie\u0161u kult\u016bras sv\u0113tki","article_modified_time":"2018-04-04T12:39:34+00:00","schema":{"@context":"https:\/\/schema.org","@graph":[{"@type":"WebPage","@id":"https:\/\/www.elks2015.eu\/nl\/press\/","url":"https:\/\/www.elks2015.eu\/nl\/press\/","name":"Press - ELKS - Eiropas Latvie\u0161u kult\u016bras sv\u0113tki","isPartOf":{"@id":"https:\/\/www.elks2015.eu\/#website"},"datePublished":"2014-12-18T14:37:39+00:00","dateModified":"2018-04-04T12:39:34+00:00","breadcrumb":{"@id":"https:\/\/www.elks2015.eu\/nl\/press\/#breadcrumb"},"inLanguage":"nl-NL","potentialAction":[{"@type":"ReadAction","target":["https:\/\/www.elks2015.eu\/nl\/press\/"]}]},{"@type":"BreadcrumbList","@id":"https:\/\/www.elks2015.eu\/nl\/press\/#breadcrumb","itemListElement":[{"@type":"ListItem","position":1,"name":"Home","item":"https:\/\/www.elks2015.eu\/"},{"@type":"ListItem","position":2,"name":"Press"}]},{"@type":"WebSite","@id":"https:\/\/www.elks2015.eu\/#website","url":"https:\/\/www.elks2015.eu\/","name":"ELKS - Eiropas Latvie\u0161u kult\u016bras sv\u0113tki","description":"18.-21.j\u016bnijs 2015, Brisele","potentialAction":[{"@type":"SearchAction","target":{"@type":"EntryPoint","urlTemplate":"https:\/\/www.elks2015.eu\/?s={search_term_string}"},"query-input":{"@type":"PropertyValueSpecification","valueRequired":true,"valueName":"search_term_string"}}],"inLanguage":"nl-NL"}]}},"_links":{"self":[{"href":"https:\/\/www.elks2015.eu\/nl\/wp-json\/wp\/v2\/pages\/1498","targetHints":{"allow":["GET"]}}],"collection":[{"href":"https:\/\/www.elks2015.eu\/nl\/wp-json\/wp\/v2\/pages"}],"about":[{"href":"https:\/\/www.elks2015.eu\/nl\/wp-json\/wp\/v2\/types\/page"}],"author":[{"embeddable":true,"href":"https:\/\/www.elks2015.eu\/nl\/wp-json\/wp\/v2\/users\/6"}],"replies":[{"embeddable":true,"href":"https:\/\/www.elks2015.eu\/nl\/wp-json\/wp\/v2\/comments?post=1498"}],"version-history":[{"count":0,"href":"https:\/\/www.elks2015.eu\/nl\/wp-json\/wp\/v2\/pages\/1498\/revisions"}],"wp:attachment":[{"href":"https:\/\/www.elks2015.eu\/nl\/wp-json\/wp\/v2\/media?parent=1498"}],"curies":[{"name":"wp","href":"https:\/\/api.w.org\/{rel}","templated":true}]}}

<h2>Acreditation</h2>
<p>Press representatives are kindly requested to contact:</p>
<ul>
<li>Aldis Austers, ELKS Director, <a href="mailto:aldis.austers@gmail.com" target="_blank">aldis.austers@gmail.com</a> (Latvia)</li>
<li>Katleen Vandriessche, Communication Officer, <a href="mailto:katleenvd@gmail.com" target="_blank">katleenvd@gmail.com</a> (Belgium)</li>
</ul>
<p>The accreditation will start on 15 May.</p>
<h2>Published materials</h2>
<p><strong>Interview of ELKS team on Latvian Radion </strong>(in Latvian)</p>
<audio class="wp-audio-shortcode" id="audio-1498-1" preload="none" style="width: 100%;" controls="controls"><source type="audio/mpeg" src="https://www.elks2015.eu/wp-content/uploads/59721.mp3?_=1" /><a href="https://www.elks2015.eu/wp-content/uploads/59721.mp3">https://www.elks2015.eu/wp-content/uploads/59721.mp3</a></audio>
<p><strong>Interview of ELKS director in newspaper &#8220;Brīvā Latvija&#8221; 30.12.2014</strong>. (in Latvian)</p>
<p><a href="http://www.brivalatvija.lv/sakumlapa/aldis-austers-latviesiem-dziesmusvetku-aicinajums-ir-asinis">&#8220;Latviešiem Dziesmusvētku aicinājums ir asinīs!&#8221;</a></p>
<p><strong>Publication in the newsletter of the Belgian Wallonian choral federation </strong>(in French)</p>
<p><a href="http://www.acj.be/2015/05/12/festival-chants-et-danses-de-lettonie/" target="_blank">&#8220;Festival chants et danses de Lettonie&#8221;</a></p>
<h2>ELKS logos and banners</h2>
<p><a href="https://www.elks2015.eu/wp-content/uploads/Logo_FIN.zip">ELKS logos</a> <a href="https://www.elks2015.eu/wp-content/uploads/Baneri.rar">ELKS banners</a></p>

<p>Acreditation Press representatives are kindly requested to contact: Aldis Austers, ELKS Director, aldis.austers@gmail.com (Latvia) Katleen Vandriessche, Communication Officer, katleenvd@gmail.com (Belgium) The accreditation will start on 15 May. Published materials Interview of ELKS team on Latvian Radion (in Latvian) Interview of ELKS director in newspaper &#8220;Brīvā Latvija&#8221; 30.12.2014. (in Latvian) &#8220;Latviešiem Dziesmusvētku aicinājums ir asinīs!&#8221; Publication in the newsletter of the [&hellip;]</p>

<!-- This site is optimized with the Yoast SEO plugin v27.5 - https://yoast.com/product/yoast-seo-wordpress/ -->
<title>Press - ELKS - Eiropas Latviešu kultūras svētki</title>
<meta name="robots" content="index, follow, max-snippet:-1, max-image-preview:large, max-video-preview:-1" />
<link rel="canonical" href="https://www.elks2015.eu/nl/press/" />
<meta property="og:locale" content="nl_NL" />
<meta property="og:type" content="article" />
<meta property="og:title" content="Press - ELKS - Eiropas Latviešu kultūras svētki" />
<meta property="og:description" content="Acreditation Press representatives are kindly requested to contact: Aldis Austers, ELKS Director, aldis.austers@gmail.com (Latvia) Katleen Vandriessche, Communication Officer, katleenvd@gmail.com (Belgium) The accreditation will start on 15 May. Published materials Interview of ELKS team on Latvian Radion (in Latvian) Interview of ELKS director in newspaper &#8220;Brīvā Latvija&#8221; 30.12.2014. (in Latvian) &#8220;Latviešiem Dziesmusvētku aicinājums ir asinīs!&#8221; Publication in the newsletter of the [&hellip;]" />
<meta property="og:url" content="https://www.elks2015.eu/nl/press/" />
<meta property="og:site_name" content="ELKS - Eiropas Latviešu kultūras svētki" />
<meta property="article:modified_time" content="2018-04-04T12:39:34+00:00" />
<script type="application/ld+json" class="yoast-schema-graph">{"@context":"https:\/\/schema.org","@graph":[{"@type":"WebPage","@id":"https:\/\/www.elks2015.eu\/nl\/press\/","url":"https:\/\/www.elks2015.eu\/nl\/press\/","name":"Press - ELKS - Eiropas Latviešu kultūras svētki","isPartOf":{"@id":"https:\/\/www.elks2015.eu\/#website"},"datePublished":"2014-12-18T14:37:39+00:00","dateModified":"2018-04-04T12:39:34+00:00","breadcrumb":{"@id":"https:\/\/www.elks2015.eu\/nl\/press\/#breadcrumb"},"inLanguage":"nl-NL","potentialAction":[{"@type":"ReadAction","target":["https:\/\/www.elks2015.eu\/nl\/press\/"]}]},{"@type":"BreadcrumbList","@id":"https:\/\/www.elks2015.eu\/nl\/press\/#breadcrumb","itemListElement":[{"@type":"ListItem","position":1,"name":"Home","item":"https:\/\/www.elks2015.eu\/"},{"@type":"ListItem","position":2,"name":"Press"}]},{"@type":"WebSite","@id":"https:\/\/www.elks2015.eu\/#website","url":"https:\/\/www.elks2015.eu\/","name":"ELKS - Eiropas Latviešu kultūras svētki","description":"18.-21.jūnijs 2015, Brisele","potentialAction":[{"@type":"SearchAction","target":{"@type":"EntryPoint","urlTemplate":"https:\/\/www.elks2015.eu\/?s={search_term_string}"},"query-input":{"@type":"PropertyValueSpecification","valueRequired":true,"valueName":"search_term_string"}}],"inLanguage":"nl-NL"}]}</script>
<!-- / Yoast SEO plugin. -->

Press - ELKS - Eiropas Latviešu kultūras svētki

Acreditation Press representatives are kindly requested to contact: Aldis Austers, ELKS Director, aldis.austers@gmail.com (Latvia) Katleen Vandriessche, Communication Officer, katleenvd@gmail.com (Belgium) The accreditation will start on 15 May. Published materials Interview of ELKS team on Latvian Radion (in Latvian) Interview of ELKS director in newspaper &#8220;Brīvā Latvija&#8221; 30.12.2014. (in Latvian) &#8220;Latviešiem Dziesmusvētku aicinājums ir asinīs!&#8221; Publication in the newsletter of the [&hellip;]

ELKS - Eiropas Latviešu kultūras svētki

18.-21.jūnijs 2015, Brisele
